{"id":69,"date":"2024-04-12T10:29:40","date_gmt":"2024-04-12T08:29:40","guid":{"rendered":"https:\/\/winf24suz.chs-netz.de\/?page_id=69"},"modified":"2024-04-19T10:05:26","modified_gmt":"2024-04-19T08:05:26","slug":"willkommen","status":"publish","type":"page","link":"https:\/\/winf24suz.chs-netz.de\/","title":{"rendered":"Willkommen"},"content":{"rendered":"\n<p><\/p>\n\n\n\n<p><\/p>\n\n\n\n<p class=\"has-huge-font-size\">Herzlich Willkommen <\/p>\n\n\n\n<p><\/p>\n\n\n\n<p>Wir freuen uns, euch auf unserer digitalen B\u00e4ckerei begr\u00fc\u00dfen zu d\u00fcrfen! In unserem virtuellen Ofen zaubern wir t\u00e4glich frische K\u00f6stlichkeiten, die eure Sinne verw\u00f6hnen und euren Gaumen zum Jubilieren bringen werden.<\/p>\n\n\n\n<p>Taucht ein in die Welt des Backens, wo das Knistern von frisch gebackenem Brot und der Duft von s\u00fc\u00dfen Leckereien die Luft erf\u00fcllen. Unser Ziel ist es, euch mit jedem Bissen ein L\u00e4cheln ins Gesicht zu zaubern und euch ein St\u00fcckchen Gl\u00fcck in Form von Geb\u00e4ck zu bieten.<\/p>\n\n\n\n<p>Bei uns findet ihr nicht nur traditionelle Klassiker wie saftige Apfelstrudel und buttrige Croissants, sondern auch kreative Neuinterpretationen und saisonale Spezialit\u00e4ten, die euch immer wieder aufs Neue \u00fcberraschen werden.<\/p>\n\n\n\n<p>Egal, ob ihr erfahrene B\u00e4cker seid oder gerade erst die ersten Schritte in eurer Backkarriere macht, hier seid ihr genau richtig. Denn bei uns geht es nicht nur um das fertige Produkt, sondern vor allem um die Freude am Backen und die gemeinsame Leidenschaft f\u00fcr die s\u00fc\u00dfen und herzhaften Gen\u00fcsse, die wir erschaffen.<\/p>\n\n\n\n<p>Also schnappt euch eure Sch\u00fcrzen, heizt eure \u00d6fen vor und lasst uns gemeinsam die Welt des Backens erkunden!<\/p>\n\n\n\n<p>Mit knusprigen Gr\u00fc\u00dfen,<\/p>\n\n\n\n<p>Rezepte Team<\/p>\n\n\n\n<p><\/p>\n","protected":false},"excerpt":{"rendered":"<p>Herzlich Willkommen Wir freuen uns, euch auf unserer digitalen B\u00e4ckerei begr\u00fc\u00dfen zu d\u00fcrfen! In unserem virtuellen Ofen zaubern wir t\u00e4glich frische K\u00f6stlichkeiten, die eure Sinne verw\u00f6hnen und euren Gaumen zum Jubilieren bringen werden. Taucht ein in die Welt des Backens, wo das Knistern von frisch gebackenem Brot und der Duft von s\u00fc\u00dfen Leckereien die Luft [&hellip;]<\/p>\n","protected":false},"author":1,"featured_media":0,"parent":0,"menu_order":0,"comment_status":"closed","ping_status":"closed","template":"","meta":{"footnotes":"","_links_to":"","_links_to_target":""},"_links":{"self":[{"href":"https:\/\/winf24suz.chs-netz.de\/index.php?rest_route=\/wp\/v2\/pages\/69"}],"collection":[{"href":"https:\/\/winf24suz.chs-netz.de\/index.php?rest_route=\/wp\/v2\/pages"}],"about":[{"href":"https:\/\/winf24suz.chs-netz.de\/index.php?rest_route=\/wp\/v2\/types\/page"}],"author":[{"embeddable":true,"href":"https:\/\/winf24suz.chs-netz.de\/index.php?rest_route=\/wp\/v2\/users\/1"}],"replies":[{"embeddable":true,"href":"https:\/\/winf24suz.chs-netz.de\/index.php?rest_route=%2Fwp%2Fv2%2Fcomments&post=69"}],"version-history":[{"count":4,"href":"https:\/\/winf24suz.chs-netz.de\/index.php?rest_route=\/wp\/v2\/pages\/69\/revisions"}],"predecessor-version":[{"id":83,"href":"https:\/\/winf24suz.chs-netz.de\/index.php?rest_route=\/wp\/v2\/pages\/69\/revisions\/83"}],"wp:attachment":[{"href":"https:\/\/winf24suz.chs-netz.de\/index.php?rest_route=%2Fwp%2Fv2%2Fmedia&parent=69"}],"curies":[{"name":"wp","href":"https:\/\/api.w.org\/{rel}","templated":true}]}}